0448 is divided by 42069?
103
What is the remainder when 8676070 is divided by 25?
20
Calculate the remainder when 32545616 is divided by 160.
16
What is the remainder when 25473319 is divided by 9?
7
Calculate the remainder when 97828 is divided by 9768.
148
What is the remainder when 295163633 is divided by 352?
17
Calculate the remainder when 1151829 is divided by 423.
0
What is the remainder when 979040 is divided by 54316?
1352
Calculate the remainder when 165950 is divided by 3074.
3028
What is the remainder when 246077 is divided by 82014?
35
Calculate the remainder when 593887 is divided by 69.
4
Calculate the remainder when 13071445 is divided by 26.
23
Calculate the remainder when 30875294 is divided by 932.
930
What is the remainder when 886503 is divided by 106?
25
What is the remainder when 801034 is divided by 447?
10
What is the remainder when 39541060 is divided by 246?
4
Calculate the remainder when 1123796 is divided by 561874.
48
What is the remainder when 4244 is divided by 429?
383
Calculate the remainder when 56677590 is divided by 1450.
1440
What is the remainder when 911735 is divided by 563?
238
Calculate the remainder when 269722 is divided by 2646.
2476
What is the remainder when 194879 is divided by 205?
129
Calculate the remainder when 64289564 is divided by 195409.
3
Calculate the remainder when 20816852 is divided by 14.
0
Calculate the remainder when 2820042 is divided by 830.
532
What is the remainder when 2503956 is divided by 70?
56
What is the remainder when 891501 is divided by 151?
148
Calculate the remainder when 114617 is divided by 1114.
989
Calculate the remainder when 3563411 is divided by 1619.
1611
What is the remainder when 76058120 is divided by 412?
36
What is the remainder when 5515808 is divided by 8?
0
Calculate the remainder when 7200118 is divided by 575.
543
What is the remainder when 5704315 is divided by 354?
313
Calculate the remainder when 22357221 is divided by 1062.
1059
What is the remainder when 2339719 is divided by 10?
9
Calculate the remainder when 1285668 is divided by 2640.
2628
What is the remainder when 10880 is divided by 4909?
1062
What is the remainder when 15556943 is divided by 321?
320
Calculate the remainder when 18071973 is divided by 52.
49
Calculate the remainder when 489036 is divided by 669.
666
Calculate the remainder when 97937383 is divided by 27.
13
What is the remainder when 79841333 is divided by 19?
8
Calculate the remainder when 24064194 is divided by 1399.
1394
Calculate the remainder when 27741797 is divided by 25.
22
What is the remainder when 39610268 is divided by 13203422?
2
Calculate the remainder when 629532 is divided by 209825.
57
What is the remainder when 1073941 is divided by 555?
16
Calculate the remainder when 5007714 is divided by 14.
12
What is the remainder when 1280001 is divided by 159911?
713
What is the remainder when 93261 is divided by 268?
265
What is the remainder when 78003012 is divided by 763?
759
What is the remainder when 49330972 is divided by 726?
724
What is the remainder when 17349842 is divided by 59013?
20
What is the remainder when 81633 is divided by 27138?
219
What is the remainder when 74024 is divided by 223?
211
What is the remainder when 1820065 is divided by 1382?
1353
Calculate the remainder when 631099 is divided by 315479.
141
Calculate the remainder when 3088172 is divided by 966.
836
What is the remainder when 43479 is divided by 762?
45
What is the remainder when 51911 is divided by 15783?
4562
What is the remainder when 84411 is divided by 1927?
1550
Calculate the remainder when 46263 is divided by 23028.
207
Calculate the remainder when 3206034 is divided by 14981.
100
Calculate the remainder when 61894 is divided by 6767.
991
Calculate the remainder when 54124235 is divided by 14.
11
Calculate the remainder when 1868613 is divided by 27888.
117
Calculate the remainder when 1752057 is divided by 25382.
699
Calculate the remainder when 79220 is divided by 1385.
275
Calculate the remainder when 1561642 is divided by 57.
13
What is the remainder when 694498 is divided by 77161?
49
Calculate the remainder when 8323750 is divided by 158.
152
What is the remainder when 4474000 is divided by 232?
112
What is the remainder when 150018 is divided by 24527?
2856
What is the remainder when 10399 is divided by 4512?
1375
What is the remainder when 4271572 is divided by 2319?
2293
Calculate the remainder when 12742670 is divided by 6371222.
226
What is the remainder when 3234111 is divided by 3234090?
21
What is the remainder when 12772713 is divided by 209?
96
Calculate the remainder when 102288 is divided by 169.
43
Calculate the remainder when 9593916 is divided by 82706.
20
Calculate the remainder when 336277 is divided by 1106.
53
Calculate the remainder when 2477925 is divided by 79.
11
What is the remainder when 15609767 is divided by 1245?
1202
Calculate the remainder when 200714 is divided by 42.
38
Calculate the remainder when 23530 is divided by 23509.
21
Calculate the remainder when 1514123 is divided by 756673.
777
Calculate the remainder when 279891 is divided by 5343.
2055
Calculate the remainder when 129563 is divided by 11382.
4361
Calculate the remainder when 8894279 is divided by 19.
18
What is the remainder when 17869329 is divided by 127638?
9
Calculate the remainder when 36174 is divided by 612.
66
Calculate the remainder when 21799983 is divided by 13.
10
What is the remainder when 14493604 is divided by 183463?
27
Calculate the remainder when 57466 is divided by 12821.
6182
What is the remainder when 139364 is divided by 248?
236
Calculate the remainder when 317130 is divided by 56.
2
What is the remainder when 793811 is divided by 3497?
3489
What is the remainder when 307304 is divided by 757?
719
What is the remainder when 7635204 is divided by 2226?
24
What is the remainder when 571602 is divided by 2684?
2594
What is the remainder when 360812 is divided by 4009?
2
Calculate the remainder when 5731067 is divided by 245.
27
What is the remainder when 27012349 is divided by 562757?
13
What is the remainder when 61559 is divided by 18915?
4814
What is the remainder when 28745259 is divided by 3?
0
Calculate the remainder when 403389 is divided by 960.
189
Calculate the remainder when 128444 is divided by 32099.
48
Calculate the remainder when 66994 is divided by 8337.
298
Calculate the remainder when 157215961 is divided by 14.
7
Calculate the remainder when 93413467 is divided by 58.
1
Calculate the remainder when 2165445 is divided by 47073.
87
What is the remainder when 13946156 is divided by 4648701?
53
What is the remainder when 13858068 is divided by 6928957?
154
Calculate the remainder when 62514 is divided by 62353.
161
What is the remainder when 1789068 is divided by 1553?
12
What is the remainder when 13739740 is divided by 6894?
6892
What is the remainder when 5890766 is divided by 305?
301
Calculate the remainder when 479027 is divided by 478091.
936
What is the remainder when 12049 is divided by 523?
20
Calculate the remainder when 2382091 is divided by 595518.
19
Calculate the remainder when 4085234 is divided by 1021307.
6
What is the remainder when 949839 is divided by 474873?
93
Calculate the remainder when 124678838 is divided by 2860.
2858
Calculate the remainder when 117947 is divided by 16673.
1236
What is the remainder when 456379 is divided by 175?
154
What is the remainder when 1762577 is divided by 271?
264
What is the remainder when 2008939 is divided by 32926?
453
Calculate the remainder when 3252683 is divided by 542050.
383
Calculate the remainder when 14147 is divided by 2079.
1673
What is the remainder when 76421661 is divided by 88?
85
Calculate the remainder when 113522 is divided by 270.
122
Calculate the remainder when 68381670 is divided by 16985.
60
Calculate the remainder when 18365973 is divided by 272.
261
Calculate the remainder when 1723892 is divided by 246263.
51
Calculate the remainder when 8816457 is divided by 8294.
8229
Calculate the remainder when 15535380 is divided by 66108.
0
Calculate the remainder when 2686854 is divided by 141402.
216
What is the remainder when 1090759 is divided by 544625?
1509
Calculate the remainder when 162150 is 